 What is the units digit of 1*((-44)/4)/f?
1
Suppose 8*b + 5*o = 10*b - 1880, -2*b + o = -1888. What is the tens digit of b?
4
Let x(g) = -g**2 - 7*g - 2. Let i be x(-7). Let v be (-48)/9 - i/(-3). Let r = v - -8. What is the units digit of r?
2
Suppose 5 = 5*x + 2*v - 9, -5*v = -3*x - 4. Suppose -d - 2*d - 139 = -x*h, -4*h + 2*d + 258 = 0. What is the units digit of h?
2
Suppose 2*r - 189 = -t + 188, -5*r + 4*t = -910. Suppose -l + 37 = -0*l. Suppose 3*u + 3*p = r, -4*u + 2*p = -211 - l. What is the units digit of u?
2
Suppose -24*j = 4999 - 23743. What is the tens digit of j?
8
Let d(t) = 185*t**2 - 16*t + 1. What is the tens digit of d(-4)?
2
Let h(d) = 3*d + 134. What is the units digit of h(-16)?
6
Let y(x) = -x**2 - 15*x - 10. What is the units digit of y(-14)?
4
Suppose -5*z + 2 + 83 = 0. Suppose b + 3 = 13. Suppose 0 = 2*x - 3*u - z, b = -u - u. What is the units digit of x?
1
Suppose 17*z = 9*z + 19040. What is the tens digit of z?
8
Suppose 100 = 5*b + 600. Let a = -2 - b. What is the units digit of a?
8
What is the tens digit of 58 - (-13 + 7 + 12)?
5
Suppose -8*x - 88 + 8 = 0. Let r(p) = -11*p - 15. What is the units digit of r(x)?
5
Let y be 12/5 + (-30)/(-50). Suppose o + 28 = z - 2*o, 0 = -5*z + y*o + 128. What is the units digit of z?
5
Let a(d) = -d**2 - 7*d - 7. Let r be a(-5). Suppose r*u + 39 = 2*h, -4*u = -u - 15. What is the units digit of h?
7
Suppose -9*r = -4*r. Let m = -6 - -8. Suppose -k + 0*c = -m*c - 29, -4*k - c + 107 = r. What is the units digit of k?
7
Suppose -45*g = -37*g - 240. What is the units digit of g?
0
Let c(b) = -2*b**2 + 8*b. Let w be c(4). Suppose 5*v + 2*v - 1127 = w. What is the hundreds digit of v?
1
Suppose -2*y = -62 - 80. Suppose 116 = 3*m + y. What is the tens digit of m?
1
Suppose -r + 27 = -3*n, -3*r = n - 0*n - 71. Let b = -41 + r. Let v = b + 40. What is the units digit of v?
3
Let z be 192/(-33) - 6/33. Let t = 11 + z. Suppose -20 = -t*m + 20. What is the units digit of m?
8
Suppose 3*t - 4 = k, 5*k - 5*t + 10 = -0*t. What is the tens digit of (0/k + (-2)/(-2))*79?
7
Suppose -760 = 2*j - 7*j. Suppose 0 = 47*r - 45*r. Suppose r = -2*t + 6*t - j. What is the units digit of t?
8
Let d(s) = -s**2 + 2*s + 3. Let j(k) = -k**2 + 3*k + 4. Suppose -5*m - 2 = -12. Let r(a) = m*j(a) - 3*d(a). What is the units digit of r(-4)?
5
Let m be (12/(-8) + 2)*10. Suppose 2*h + 222 = 5*h + m*n, 0 = 5*n - 15. What is the units digit of h?
9
Let c be ((-22)/6)/(10/(-30)). What is the units digit of c*((-10)/(-5) + 2)?
4
Let n(d) = -d + 5. Let u be n(0). Suppose 3*w + 3 + 6 = -2*i, -i - u*w - 22 = 0. Suppose -3*x = 4*b - 39, -11 - 66 = -4*x + i*b. What is the units digit of x?
7
Suppose 0*w + 346 = 2*w + 3*o, -w + 2*o + 166 = 0. Suppose -16*t = -17*t + w. What is the tens digit of t?
7
Let r = -365 - -573. Suppose 4*u + u + 260 = 2*q, -4*u + 2*q - r = 0. What is the units digit of 3/(-4 + (-212)/u)?
9
Let c = 67 - 57. What is the hundreds digit of -322*(25/c)/(-5)?
1
Suppose -40480 = -11*z - 0*z. What is the tens digit of z?
8
Suppose -11*p + 3978 = 2*m - 13*p, 2*m - p = 3981. What is the units digit of m?
2
Suppose -4*t + 181 = 2*u + u, -5*t = 2*u - 221. Let q = -8 + t. What is the tens digit of q?
3
Suppose 8*x = x + 21. Suppose 8*g = x*g + 60. What is the units digit of g?
2
Let c(h) = -1. Let m(u) = -u + 8. Let x(k) = 2*c(k) + m(k). Let p be x(6). Suppose p = 3*s + 5*r - 167, s + r + 22 - 79 = 0. What is the tens digit of s?
5
Let l = -57 + 62. What is the units digit of (68 + -1)/(1/(-2 + l))?
1
What is the tens digit of ((-1 + 2)*-34)/((-4)/256)?
7
Let n(f) be the second derivative of -f**4/12 + 5*f**3/3 - f**2/2 - 2*f. Let o be n(10). Let t(r) = -36*r**3 - r**2. What is the units digit of t(o)?
5
Let z = 19 - 3. Let s be 14/((z/(-4))/(-40)). Suppose 20*i = 15*i + s. What is the units digit of i?
8
Suppose 0 = -7*u + 14*u - 1883. What is the hundreds digit of u?
2
Let d(c) = c + 11. Let l be d(13). Let w be (-51)/(-12) + (-6)/l. Suppose w*i + 13 - 213 = 0. What is the tens digit of i?
5
Let y be 4/6 - (-14)/(-21). Let k be (-3)/(2/(-2 - y)). Suppose -4*q + k*q - b = -59, 0 = -2*q + 2*b + 98. What is the units digit of q?
4
Let n(k) = k**2 + 5*k**2 - 5*k**2 + 8*k - 19. What is the units digit of n(-10)?
1
Suppose -294 = -2*b + 114. Suppose -5*o = -106 - b. Suppose 2*c + 0*c = -t + o, c - 42 = 5*t. What is the units digit of c?
2
Suppose 3*l + 132 + 0 = 0. What is the units digit of (-9075)/l - 2/8?
6
Let m(q) = 58*q + 69. What is the tens digit of m(3)?
4
Let n(o) = o**3 + 7*o**2 + 13*o + 12. Let k be n(-8). What is the tens digit of ((-15)/6)/(6/k)?
6
Let x = 303 - -526. What is the units digit of x?
9
Suppose -38 = -5*s + 102. Suppose s*t = 19*t + 495. What is the units digit of t?
5
What is the hundreds digit of 64759/93 + 4/(-3)?
6
Let s(o) be the first derivative of -2*o**2 - 34*o + 11. What is the units digit of s(-13)?
8
Let b = 2171 + -19. What is the tens digit of b?
5
Let y(n) = 54*n**2 - 117*n - 912. What is the tens digit of y(-8)?
8
Suppose -4*n + 3*i + 196 = 43, -80 = -2*n - 2*i. What is the units digit of n?
9
Suppose -4*c - 5*y = -8178, 3*c = 2*y - 600 + 6722. What is the hundreds digit of c?
0
Suppose 3*z + 2*b + 0*b + 54 = 0, -2*b + 10 = -z. Let m = z + 33. What is the tens digit of m?
1
Let b(z) = z**2 + 7*z - 6. Let j be 140/(-16) + -3 + (-2)/8. What is the units digit of b(j)?
4
Suppose 4*d - 1148 = -4*g, 312 - 19 = d + 3*g. What is the units digit of d?
4
Suppose 4*q + q = 45. What is the units digit of 2/(q/((-333)/(-2)))?
7
What is the units digit of -1*(-6)/(-21) - (-18672)/84?
2
Suppose -5*y - 2*x + x + 319 = 0, 2*y - 3*x - 131 = 0. Let b = 77 - y. What is the units digit of b?
3
Let g = 137 - 83. Let x = g - -52. What is the units digit of x?
6
Let x(n) = n**2 + 2*n + 13. Suppose c + 3*c = 2*d - 30, c - 20 = -2*d. What is the tens digit of x(d)?
5
Let v = 40 + 29. Suppose -5*a + 286 = -v. Suppose -4*c = -3*c + 3, 2*h = c + a. What is the units digit of h?
4
Let v = -541 + 816. Suppose 5*d - v = 90. What is the tens digit of d?
7
Suppose m + 2*c = 4*c + 787, 4*m - 2*c - 3154 = 0. What is the units digit of m?
9
Suppose 18796 = -23*k + 66245. What is the units digit of k?
3
Suppose -277 = -2*r + 3*y, -8*y - 417 = -3*r - 3*y. What is the units digit of r?
4
Suppose 0*l - 3*l - 6 = -3*j, -4*l - 2*j + 22 = 0. Suppose -2*y + 15 = 5*n, -2*n = -3*n + 5*y + l. Let g(b) = 4*b**2 + 3*b + 1. What is the tens digit of g(n)?
4
Let b(i) = 10*i + 1. Let h = 37 + -24. Let n(r) = 21*r + 2. Let l(a) = h*b(a) - 6*n(a). What is the units digit of l(2)?
9
Let l = 0 + 3. Let x = l - -1. What is the tens digit of 342/21 + x/(-14)?
1
Suppose -16*x = -39*x + 33856. What is the units digit of x?
2
Suppose 3*u = -5*p - 10, 0 = -4*u - 3*p + 5 - 0. Suppose 0 = 2*o + u + 7. What is the tens digit of 2/o - 206/(-6)?
3
Let d = 1424 - 940. What is the units digit of d?
4
Let k = -6 + 10. Suppose -n = -2*s + 63, -3*n - 4 + 19 = 0. What is the tens digit of k/(8/s) - 0?
1
Suppose 0 = -3*r + 2 + 10, -3*n + 808 = -2*r. Let t = n + -185. Suppose 6*y = 3*y + t. What is the units digit of y?
9
Let a(f) = f**3 - 41*f**2 + 76*f + 79. What is the units digit of a(39)?
1
Suppose m + 4*t = -t + 11, -3*t = 2*m - 15. What is the tens digit of ((-1)/(-3))/((-2)/m) - -92?
9
Let i be (((-50)/(-6))/(-5))/(2/(-12)). Suppose 0 = 5*a - 25, 3*a = o + i - 33. What is the units digit of o?
8
Suppose -15*f = -20*f - a + 3643, -4*f + 2912 = 2*a. What is the hundreds digit of f?
7
Suppose -3*s + 14 = 2. Suppose -3*x = -s*h + 36, -h - 2*x = 3*x + 14. Suppose -h*j + 204 = -0*j. What is the units digit of j?
4
Let f(l) = 3*l**2 - 12*l - 37. Let k be f(12). Let s = -128 + k. What is the units digit of s?
3
Suppose -5*r - 5*w + 1755 = -0*r, 2*w + 1748 = 5*r. What is the units digit of r?
0
Suppose 2*x - 18 = -5*c - 0, 5*c - 20 = 0. Let s = 4 + x. What is the tens digit of s*((-100)/(-12) - -1)?
2
Suppose -5*n - 3*y = -6*y - 33, -4*y - 4 = 0. Let j = n + 26. What is the units digit of j?
2
Let j(h) = h - 6. Let u be j(5). Let d(w) = -85*w**3 + w**2 - w - 1. Let k be d(u). Let y = 141 - k. What is the units digit of y?
5
Let j(p) = -3*p. Let i be j(-2). Suppose -10 = -5*g - 2*f, i*g - 6 = 3*g - 2*f. Suppose -g*c - 2*c + 36 = 0. What is the u